{"id":889,"date":"2021-03-23T19:31:05","date_gmt":"2021-03-23T18:31:05","guid":{"rendered":"https:\/\/www.isabelpanadero.es\/?post_type=product&#038;p=889"},"modified":"2026-03-02T19:31:46","modified_gmt":"2026-03-02T18:31:46","slug":"zapatilla-la-garrocha","status":"publish","type":"product","link":"https:\/\/www.isabelpanadero.es\/index.php\/producto\/zapatilla-la-garrocha\/","title":{"rendered":"zapatilla LA GARROCHA"},"content":{"rendered":"<p>&nbsp;<\/p>\n<p><span style=\"color: #ff00ff\"><strong>MODELO AGOTADO<\/strong><\/span><\/p>\n<p>Sneakers para hombre de dise\u00f1o casual. Exterior en piel sint\u00e9tica con emblema bordado en lateral. Talonera y pesta\u00f1a de piel sint\u00e9tica al contraste con emblemas. Cierre con cordones textiles al tono. Piso de goma c\u00f3modo y ligero.<\/p>\n<ul>\n<li>Talla 39 &#8211; Largo interior: 25,0 cm<\/li>\n<li>Talla 40 &#8211; Largo interior: 25,5 cm<\/li>\n<li>Talla 41 &#8211; Largo interior: 26,2 cm<\/li>\n<li>Talla 42 &#8211; Largo interior: 26,8 cm<\/li>\n<li>Talla 43 &#8211; Largo interior: 27,5 cm<\/li>\n<li>Talla 44 &#8211; Largo interior: 28,5 cm<\/li>\n<li>Talla 45 &#8211; Largo interior: 29,2 cm<\/li>\n<li>Talla 46 &#8211; Largo interior: 30,0 cm<\/li>\n<\/ul>\n","protected":false},"excerpt":{"rendered":"<p>&nbsp;<\/p>\n<p><span style=\"color: #ff00ff\"><strong>MODELO AGOTADO<\/strong><\/span><\/p>\n<p>Sneakers para hombre de dise\u00f1o casual.<\/p>\n","protected":false},"featured_media":1310,"comment_status":"open","ping_status":"closed","template":"","meta":{"_coblocks_attr":"","_coblocks_dimensions":"","_coblocks_responsive_height":"","_coblocks_accordion_ie_support":"","_joinchat":[]},"product_brand":[],"product_cat":[18],"product_tag":[19,140,205,91,137],"class_list":{"0":"post-889","1":"product","2":"type-product","3":"status-publish","4":"has-post-thumbnail","6":"product_cat-hombre","7":"product_tag-caballero","8":"product_tag-hombre","9":"product_tag-sneakers","10":"product_tag-unisex","11":"product_tag-zapatilla","12":"pa_talla-119","13":"pa_talla-120","14":"pa_talla-121","15":"pa_talla-123","16":"pa_talla-125","18":"first","19":"outofstock","20":"sold-individually","21":"shipping-taxable","22":"purchasable","23":"product-type-variable"},"_links":{"self":[{"href":"https:\/\/www.isabelpanadero.es\/index.php\/wp-json\/wp\/v2\/product\/889","targetHints":{"allow":["GET"]}}],"collection":[{"href":"https:\/\/www.isabelpanadero.es\/index.php\/wp-json\/wp\/v2\/product"}],"about":[{"href":"https:\/\/www.isabelpanadero.es\/index.php\/wp-json\/wp\/v2\/types\/product"}],"replies":[{"embeddable":true,"href":"https:\/\/www.isabelpanadero.es\/index.php\/wp-json\/wp\/v2\/comments?post=889"}],"wp:featuredmedia":[{"embeddable":true,"href":"https:\/\/www.isabelpanadero.es\/index.php\/wp-json\/wp\/v2\/media\/1310"}],"wp:attachment":[{"href":"https:\/\/www.isabelpanadero.es\/index.php\/wp-json\/wp\/v2\/media?parent=889"}],"wp:term":[{"taxonomy":"product_brand","embeddable":true,"href":"https:\/\/www.isabelpanadero.es\/index.php\/wp-json\/wp\/v2\/product_brand?post=889"},{"taxonomy":"product_cat","embeddable":true,"href":"https:\/\/www.isabelpanadero.es\/index.php\/wp-json\/wp\/v2\/product_cat?post=889"},{"taxonomy":"product_tag","embeddable":true,"href":"https:\/\/www.isabelpanadero.es\/index.php\/wp-json\/wp\/v2\/product_tag?post=889"}],"curies":[{"name":"wp","href":"https:\/\/api.w.org\/{rel}","templated":true}]}}

<p>&nbsp;</p>
<p><span style="color: #ff00ff"><strong>MODELO AGOTADO</strong></span></p>
<p>Sneakers para hombre de diseño casual. Exterior en piel sintética con emblema bordado en lateral. Talonera y pestaña de piel sintética al contraste con emblemas. Cierre con cordones textiles al tono. Piso de goma cómodo y ligero.</p>
<ul>
<li>Talla 39 &#8211; Largo interior: 25,0 cm</li>
<li>Talla 40 &#8211; Largo interior: 25,5 cm</li>
<li>Talla 41 &#8211; Largo interior: 26,2 cm</li>
<li>Talla 42 &#8211; Largo interior: 26,8 cm</li>
<li>Talla 43 &#8211; Largo interior: 27,5 cm</li>
<li>Talla 44 &#8211; Largo interior: 28,5 cm</li>
<li>Talla 45 &#8211; Largo interior: 29,2 cm</li>
<li>Talla 46 &#8211; Largo interior: 30,0 cm</li>
</ul>

<p>&nbsp;</p>
<p><span style="color: #ff00ff"><strong>MODELO AGOTADO</strong></span></p>
<p>Sneakers para hombre de diseño casual.</p>
