{"id":87,"date":"2021-01-26T19:21:59","date_gmt":"2021-01-26T18:21:59","guid":{"rendered":"https:\/\/www.isabelpanadero.es\/?post_type=product&#038;p=87"},"modified":"2026-03-03T18:52:41","modified_gmt":"2026-03-03T17:52:41","slug":"cinturon-serraje-bordado-1641","status":"publish","type":"product","link":"https:\/\/www.isabelpanadero.es\/index.php\/producto\/cinturon-serraje-bordado-1641\/","title":{"rendered":"Cintur\u00f3n serraje bordado 1641 Marr\u00f3n SPAGNOLO"},"content":{"rendered":"<p>Cintur\u00f3n de piel serraje marr\u00f3n con bordado spagnolo en colores rojo-amarillo-rojo, trabilla de piel marr\u00f3n y grabado bandera.<\/p>\n","protected":false},"excerpt":{"rendered":"<p>Cintur\u00f3n de piel serraje marr\u00f3n con bordado spagnolo en colores rojo-amarillo-rojo, trabilla de piel marr\u00f3n y grabado bandera.<\/p>\n","protected":false},"featured_media":90,"comment_status":"open","ping_status":"closed","template":"","meta":{"_coblocks_attr":"","_coblocks_dimensions":"","_coblocks_responsive_height":"","_coblocks_accordion_ie_support":""},"product_cat":[18,16],"product_tag":[63,19,60,61],"_links":{"self":[{"href":"https:\/\/www.isabelpanadero.es\/index.php\/wp-json\/wp\/v2\/product\/87"}],"collection":[{"href":"https:\/\/www.isabelpanadero.es\/index.php\/wp-json\/wp\/v2\/product"}],"about":[{"href":"https:\/\/www.isabelpanadero.es\/index.php\/wp-json\/wp\/v2\/types\/product"}],"replies":[{"embeddable":true,"href":"https:\/\/www.isabelpanadero.es\/index.php\/wp-json\/wp\/v2\/comments?post=87"}],"wp:featuredmedia":[{"embeddable":true,"href":"https:\/\/www.isabelpanadero.es\/index.php\/wp-json\/wp\/v2\/media\/90"}],"wp:attachment":[{"href":"https:\/\/www.isabelpanadero.es\/index.php\/wp-json\/wp\/v2\/media?parent=87"}],"wp:term":[{"taxonomy":"product_cat","embeddable":true,"href":"https:\/\/www.isabelpanadero.es\/index.php\/wp-json\/wp\/v2\/product_cat?post=87"},{"taxonomy":"product_tag","embeddable":true,"href":"https:\/\/www.isabelpanadero.es\/index.php\/wp-json\/wp\/v2\/product_tag?post=87"}],"curies":[{"name":"wp","href":"https:\/\/api.w.org\/{rel}","templated":true}]}}