{"id":62,"date":"2021-01-26T09:57:05","date_gmt":"2021-01-26T08:57:05","guid":{"rendered":"https:\/\/www.isabelpanadero.es\/?post_type=product&#038;p=62"},"modified":"2026-03-03T18:56:53","modified_gmt":"2026-03-03T17:56:53","slug":"mocasin-caballero","status":"publish","type":"product","link":"https:\/\/www.isabelpanadero.es\/index.php\/producto\/mocasin-caballero\/","title":{"rendered":"Nautico caballero Lance LA GARROCHA"},"content":{"rendered":"<p>Mocas\u00edn caballero en cuero de primera calidad. Un cl\u00e1sico que nunca pasa de moda. Pasa hombres que necesitan sentirse din\u00e1micos y funcionales.<\/p>\n<p>Zapato tipo mocas\u00edn para hombre. De dise\u00f1o cl\u00e1sico, elaborados en cuero de alta calidad y cosidos con hilo de alta resistencia. Suela de caucho, adorno de pasalazos y cierre con cordones.<\/p>\n<ul>\n<li>Talla 39 &#8211; Largo interior: 24,5 cm<\/li>\n<li>Talla 40 &#8211; Largo interior: 25,0 cm<\/li>\n<li>Talla 41 &#8211; Largo interior: 25,5 cm<\/li>\n<li>Talla 42 &#8211; Largo interior: 26,5 cm<\/li>\n<li>Talla 43 &#8211; Largo interior: 27,5 cm<\/li>\n<li>Talla 44 &#8211; Largo interior: 28,5 cm<\/li>\n<li>Talla 45 &#8211; Largo interior: 29,0 cm<\/li>\n<li>Talla 46 &#8211; Largo interior: 29,5 cm<\/li>\n<\/ul>\n","protected":false},"excerpt":{"rendered":"<p>Mocas\u00edn caballero en cuero de primera calidad.<\/p>\n","protected":false},"featured_media":63,"comment_status":"open","ping_status":"closed","template":"","meta":{"_coblocks_attr":"","_coblocks_dimensions":"","_coblocks_responsive_height":"","_coblocks_accordion_ie_support":"","_joinchat":[]},"product_brand":[],"product_cat":[18],"product_tag":[19,20,21,23,22],"class_list":{"0":"post-62","1":"product","2":"type-product","3":"status-publish","4":"has-post-thumbnail","6":"product_cat-hombre","7":"product_tag-caballero","8":"product_tag-calzado","9":"product_tag-cuero","10":"product_tag-marron","11":"product_tag-mocasin","13":"first","14":"outofstock","15":"shipping-taxable","16":"purchasable","17":"product-type-variable"},"_links":{"self":[{"href":"https:\/\/www.isabelpanadero.es\/index.php\/wp-json\/wp\/v2\/product\/62","targetHints":{"allow":["GET"]}}],"collection":[{"href":"https:\/\/www.isabelpanadero.es\/index.php\/wp-json\/wp\/v2\/product"}],"about":[{"href":"https:\/\/www.isabelpanadero.es\/index.php\/wp-json\/wp\/v2\/types\/product"}],"replies":[{"embeddable":true,"href":"https:\/\/www.isabelpanadero.es\/index.php\/wp-json\/wp\/v2\/comments?post=62"}],"wp:featuredmedia":[{"embeddable":true,"href":"https:\/\/www.isabelpanadero.es\/index.php\/wp-json\/wp\/v2\/media\/63"}],"wp:attachment":[{"href":"https:\/\/www.isabelpanadero.es\/index.php\/wp-json\/wp\/v2\/media?parent=62"}],"wp:term":[{"taxonomy":"product_brand","embeddable":true,"href":"https:\/\/www.isabelpanadero.es\/index.php\/wp-json\/wp\/v2\/product_brand?post=62"},{"taxonomy":"product_cat","embeddable":true,"href":"https:\/\/www.isabelpanadero.es\/index.php\/wp-json\/wp\/v2\/product_cat?post=62"},{"taxonomy":"product_tag","embeddable":true,"href":"https:\/\/www.isabelpanadero.es\/index.php\/wp-json\/wp\/v2\/product_tag?post=62"}],"curies":[{"name":"wp","href":"https:\/\/api.w.org\/{rel}","templated":true}]}}