{"id":1736,"date":"2026-03-09T12:18:49","date_gmt":"2026-03-09T11:18:49","guid":{"rendered":"https:\/\/www.isabelpanadero.es\/?post_type=product&#038;p=1736"},"modified":"2026-03-09T12:18:49","modified_gmt":"2026-03-09T11:18:49","slug":"polo-equitacion-la-garrocha","status":"publish","type":"product","link":"https:\/\/www.isabelpanadero.es\/index.php\/producto\/polo-equitacion-la-garrocha\/","title":{"rendered":"Polo equitaci\u00f3n LA GARROCHA."},"content":{"rendered":"<p>Polo manga corta, hombre de competici\u00f3n. Tejido el\u00e1stico, transpirable y t\u00e9cnico. Cuello de camisa con un falso bolsillo,con corte recto.<\/p>\n","protected":false},"excerpt":{"rendered":"<p>Polo manga corta, hombre de competici\u00f3n. Tejido el\u00e1stico, transpirable y t\u00e9cnico. Cuello de camisa con un falso bolsillo,con corte recto.<\/p>\n","protected":false},"featured_media":1741,"comment_status":"open","ping_status":"closed","template":"","meta":{"_coblocks_attr":"","_coblocks_dimensions":"","_coblocks_responsive_height":"","_coblocks_accordion_ie_support":"","_joinchat":[]},"product_brand":[],"product_cat":[18],"product_tag":[19,195,140,136,37],"class_list":{"0":"post-1736","1":"product","2":"type-product","3":"status-publish","4":"has-post-thumbnail","6":"product_cat-hombre","7":"product_tag-caballero","8":"product_tag-equitacion","9":"product_tag-hombre","10":"product_tag-la-garrocha","11":"product_tag-polo","12":"pa_talla-l","13":"pa_talla-s","15":"first","16":"instock","17":"shipping-taxable","18":"purchasable","19":"product-type-variable"},"_links":{"self":[{"href":"https:\/\/www.isabelpanadero.es\/index.php\/wp-json\/wp\/v2\/product\/1736","targetHints":{"allow":["GET"]}}],"collection":[{"href":"https:\/\/www.isabelpanadero.es\/index.php\/wp-json\/wp\/v2\/product"}],"about":[{"href":"https:\/\/www.isabelpanadero.es\/index.php\/wp-json\/wp\/v2\/types\/product"}],"replies":[{"embeddable":true,"href":"https:\/\/www.isabelpanadero.es\/index.php\/wp-json\/wp\/v2\/comments?post=1736"}],"wp:featuredmedia":[{"embeddable":true,"href":"https:\/\/www.isabelpanadero.es\/index.php\/wp-json\/wp\/v2\/media\/1741"}],"wp:attachment":[{"href":"https:\/\/www.isabelpanadero.es\/index.php\/wp-json\/wp\/v2\/media?parent=1736"}],"wp:term":[{"taxonomy":"product_brand","embeddable":true,"href":"https:\/\/www.isabelpanadero.es\/index.php\/wp-json\/wp\/v2\/product_brand?post=1736"},{"taxonomy":"product_cat","embeddable":true,"href":"https:\/\/www.isabelpanadero.es\/index.php\/wp-json\/wp\/v2\/product_cat?post=1736"},{"taxonomy":"product_tag","embeddable":true,"href":"https:\/\/www.isabelpanadero.es\/index.php\/wp-json\/wp\/v2\/product_tag?post=1736"}],"curies":[{"name":"wp","href":"https:\/\/api.w.org\/{rel}","templated":true}]}}

Polo equitación LA GARROCHA.

<p>Polo manga corta, hombre de competición. Tejido elástico, transpirable y técnico. Cuello de camisa con un falso bolsillo,con corte recto.</p>
