{"id":1481,"date":"2022-08-18T20:12:51","date_gmt":"2022-08-18T18:12:51","guid":{"rendered":"https:\/\/www.isabelpanadero.es\/?post_type=product&#038;p=1481"},"modified":"2026-01-22T12:54:00","modified_gmt":"2026-01-22T11:54:00","slug":"banador-caballos-la-garrocha","status":"publish","type":"product","link":"https:\/\/www.isabelpanadero.es\/index.php\/producto\/banador-caballos-la-garrocha\/","title":{"rendered":"Ba\u00f1ador Caballos LA GARROCHA"},"content":{"rendered":"<p>Ba\u00f1ador con motivos ECUESTRES de La Garrocha , marca Cordobesa de \u00e9xito en estos \u00faltimos 5 a\u00f1os.<\/p>\n","protected":false},"excerpt":{"rendered":"<p>Ba\u00f1ador con motivos ECUESTRES de La Garrocha , marca Cordobesa de \u00e9xito en estos \u00faltimos 5 a\u00f1os.<\/p>\n","protected":false},"featured_media":1482,"comment_status":"open","ping_status":"closed","template":"","meta":{"_coblocks_attr":"","_coblocks_dimensions":"","_coblocks_responsive_height":"","_coblocks_accordion_ie_support":"","_joinchat":[]},"product_brand":[],"product_cat":[18],"product_tag":[293,34,274,300,299,301,298,39],"class_list":{"0":"post-1481","1":"product","2":"type-product","3":"status-publish","4":"has-post-thumbnail","6":"product_cat-hombre","7":"product_tag-altacalidad","8":"product_tag-azul","9":"product_tag-banador","10":"product_tag-basicos","11":"product_tag-caballos","12":"product_tag-cordoba","13":"product_tag-ecuestre","14":"product_tag-moda","15":"pa_talla-l","17":"first","18":"outofstock","19":"shipping-taxable","20":"product-type-variable"},"_links":{"self":[{"href":"https:\/\/www.isabelpanadero.es\/index.php\/wp-json\/wp\/v2\/product\/1481","targetHints":{"allow":["GET"]}}],"collection":[{"href":"https:\/\/www.isabelpanadero.es\/index.php\/wp-json\/wp\/v2\/product"}],"about":[{"href":"https:\/\/www.isabelpanadero.es\/index.php\/wp-json\/wp\/v2\/types\/product"}],"replies":[{"embeddable":true,"href":"https:\/\/www.isabelpanadero.es\/index.php\/wp-json\/wp\/v2\/comments?post=1481"}],"wp:featuredmedia":[{"embeddable":true,"href":"https:\/\/www.isabelpanadero.es\/index.php\/wp-json\/wp\/v2\/media\/1482"}],"wp:attachment":[{"href":"https:\/\/www.isabelpanadero.es\/index.php\/wp-json\/wp\/v2\/media?parent=1481"}],"wp:term":[{"taxonomy":"product_brand","embeddable":true,"href":"https:\/\/www.isabelpanadero.es\/index.php\/wp-json\/wp\/v2\/product_brand?post=1481"},{"taxonomy":"product_cat","embeddable":true,"href":"https:\/\/www.isabelpanadero.es\/index.php\/wp-json\/wp\/v2\/product_cat?post=1481"},{"taxonomy":"product_tag","embeddable":true,"href":"https:\/\/www.isabelpanadero.es\/index.php\/wp-json\/wp\/v2\/product_tag?post=1481"}],"curies":[{"name":"wp","href":"https:\/\/api.w.org\/{rel}","templated":true}]}}

Bañador Caballos LA GARROCHA

<p>Bañador con motivos ECUESTRES de La Garrocha , marca Cordobesa de éxito en estos últimos 5 años.</p>
