{"id":1038,"date":"2021-07-07T19:11:31","date_gmt":"2021-07-07T17:11:31","guid":{"rendered":"https:\/\/www.isabelpanadero.es\/?post_type=product&#038;p=1038"},"modified":"2026-03-02T19:30:29","modified_gmt":"2026-03-02T18:30:29","slug":"mantilla-della-sera-classico-hkm","status":"publish","type":"product","link":"https:\/\/www.isabelpanadero.es\/index.php\/producto\/mantilla-della-sera-classico-hkm\/","title":{"rendered":"Mantilla \u00abDella sera classico\u00bb HKM"},"content":{"rendered":"<dl id=\"collateral-tabs\" class=\"collateral-tabs\">\n<dd class=\"tab-container current\">\n<div class=\"tab-content\">\n<div>Precioso sudadero de la marca HKM en color rosa pastel.<\/div>\n<div>Talla doma.<\/div>\n<div class=\"std\">&#8211; transpirable<br \/>\n&#8211; parte inferior dise\u00f1ada para r\u00e1pida evaporaci\u00f3n<br \/>\n&#8211; lavable en lavadora a 30 grados<br \/>\n&#8211; adecuado para secadora<br \/>\n&#8211; programa delicado<br \/>\n&#8211; cerrar los velcros antes de lavar<br \/>\n&#8211; 100% poli\u00e9ster<br \/>\n&#8211; relleno de espuma y algod\u00f3n<br \/>\n&#8211; pasadores con cierre de velcro<br \/>\n&#8211; de forma anat\u00f3mica<\/div>\n<\/div>\n<\/dd>\n<\/dl>\n","protected":false},"excerpt":{"rendered":"<p>Precioso sudadero de la marca HKM en color rosa pastel.<\/p>\n","protected":false},"featured_media":1530,"comment_status":"open","ping_status":"closed","template":"","meta":{"_coblocks_attr":"","_coblocks_dimensions":"","_coblocks_responsive_height":"","_coblocks_accordion_ie_support":"","_joinchat":[]},"product_brand":[],"product_cat":[16,24],"product_tag":[83,233,232,84,54],"class_list":{"0":"post-1038","1":"product","2":"type-product","3":"status-publish","4":"has-post-thumbnail","6":"product_cat-accesorios","7":"product_cat-para-el-caballo","8":"product_tag-caballo","9":"product_tag-doma","10":"product_tag-hkm","11":"product_tag-mantilla","12":"product_tag-sudadero","14":"first","15":"outofstock","16":"sold-individually","17":"shipping-taxable","18":"purchasable","19":"product-type-variable"},"_links":{"self":[{"href":"https:\/\/www.isabelpanadero.es\/index.php\/wp-json\/wp\/v2\/product\/1038","targetHints":{"allow":["GET"]}}],"collection":[{"href":"https:\/\/www.isabelpanadero.es\/index.php\/wp-json\/wp\/v2\/product"}],"about":[{"href":"https:\/\/www.isabelpanadero.es\/index.php\/wp-json\/wp\/v2\/types\/product"}],"replies":[{"embeddable":true,"href":"https:\/\/www.isabelpanadero.es\/index.php\/wp-json\/wp\/v2\/comments?post=1038"}],"wp:featuredmedia":[{"embeddable":true,"href":"https:\/\/www.isabelpanadero.es\/index.php\/wp-json\/wp\/v2\/media\/1530"}],"wp:attachment":[{"href":"https:\/\/www.isabelpanadero.es\/index.php\/wp-json\/wp\/v2\/media?parent=1038"}],"wp:term":[{"taxonomy":"product_brand","embeddable":true,"href":"https:\/\/www.isabelpanadero.es\/index.php\/wp-json\/wp\/v2\/product_brand?post=1038"},{"taxonomy":"product_cat","embeddable":true,"href":"https:\/\/www.isabelpanadero.es\/index.php\/wp-json\/wp\/v2\/product_cat?post=1038"},{"taxonomy":"product_tag","embeddable":true,"href":"https:\/\/www.isabelpanadero.es\/index.php\/wp-json\/wp\/v2\/product_tag?post=1038"}],"curies":[{"name":"wp","href":"https:\/\/api.w.org\/{rel}","templated":true}]}}

<dl id="collateral-tabs" class="collateral-tabs">
<dd class="tab-container current">
<div class="tab-content">
<div>Precioso sudadero de la marca HKM en color rosa pastel.</div>
<div>Talla doma.</div>
<div class="std">&#8211; transpirable<br />
&#8211; parte inferior diseñada para rápida evaporación<br />
&#8211; lavable en lavadora a 30 grados<br />
&#8211; adecuado para secadora<br />
&#8211; programa delicado<br />
&#8211; cerrar los velcros antes de lavar<br />
&#8211; 100% poliéster<br />
&#8211; relleno de espuma y algodón<br />
&#8211; pasadores con cierre de velcro<br />
&#8211; de forma anatómica</div>
</div>
</dd>
</dl>
