{"id":40,"date":"2020-11-24T18:38:43","date_gmt":"2020-11-24T17:38:43","guid":{"rendered":"http:\/\/isabelpanadero.es\/?page_id=40"},"modified":"2022-08-11T20:01:55","modified_gmt":"2022-08-11T18:01:55","slug":"pagina-de-inicio","status":"publish","type":"page","link":"https:\/\/www.isabelpanadero.es\/index.php\/pagina-de-inicio\/","title":{"rendered":"ISABEL PANADERO"},"content":{"rendered":"\n<p class=\"has-text-align-center has-luminous-vivid-amber-color has-text-color has-large-font-size\"><strong>MODA ECUESTRE<\/strong><\/p>\n\n\n\n<p class=\"has-text-color has-normal-font-size\" style=\"color:#ec0e79\"><strong>Esta Tienda guarda dentro Cultura y Tradici\u00f3n mezclado con el buen gusto cl\u00e1sico en art\u00edculos textiles y de piel as\u00ed como Equipamientos de Equitaci\u00f3n.<\/strong><\/p>\n\n\n\n<div class=\"wp-block-columns\">\n<div class=\"wp-block-column\"><div id=\"metaslider-id-358\" style=\"max-width: 350px;\" class=\"ml-slider-3-27-8 metaslider metaslider-flex metaslider-358 ml-slider nav-hidden\">\n    <div id=\"metaslider_container_358\">\n        <div id=\"metaslider_358\" class=\"flexslider\">\n            <ul aria-live=\"polite\" class=\"slides\">\n                <li style=\"display: block; width: 100%;\" class=\"slide-359 ms-image\"><img src=\"https:\/\/www.isabelpanadero.es\/wp-content\/uploads\/2021\/01\/isa-a-caballo-rosa-capote-350x350.jpg\" height=\"350\" width=\"350\" alt=\"\" class=\"slider-358 slide-359\" title=\"isa a caballo rosa capote\" \/><\/li>\n                <li style=\"display: none; width: 100%;\" class=\"slide-360 ms-image\"><img src=\"https:\/\/www.isabelpanadero.es\/wp-content\/uploads\/2021\/01\/2780_1-350x350.jpg\" height=\"350\" width=\"350\" alt=\"\" class=\"slider-358 slide-360\" title=\"2780_1\" \/><\/li>\n                <li style=\"display: none; width: 100%;\" class=\"slide-361 ms-image\"><img src=\"https:\/\/www.isabelpanadero.es\/wp-content\/uploads\/2021\/01\/corbata-rosa-capote-350x350.jpg\" height=\"350\" width=\"350\" alt=\"\" class=\"slider-358 slide-361\" title=\"corbata rosa capote\" \/><\/li>\n                <li style=\"display: none; width: 100%;\" class=\"slide-362 ms-image\"><img src=\"https:\/\/www.isabelpanadero.es\/wp-content\/uploads\/2021\/01\/bolso-pequeno-rosa-capote-350x350.jpg\" height=\"350\" width=\"350\" alt=\"\" class=\"slider-358 slide-362\" title=\"bolso peque\u00f1o rosa capote\" \/><\/li>\n                <li style=\"display: none; width: 100%;\" class=\"slide-363 ms-image\"><img src=\"https:\/\/www.isabelpanadero.es\/wp-content\/uploads\/2021\/01\/camisa-rosa-capote-350x350.jpg\" height=\"350\" width=\"350\" alt=\"\" class=\"slider-358 slide-363\" title=\"camisa rosa capote\" \/><\/li>\n                <li style=\"display: none; width: 100%;\" class=\"slide-364 ms-image\"><img src=\"https:\/\/www.isabelpanadero.es\/wp-content\/uploads\/2021\/01\/bolso-mano-rosa-capote-350x350.jpg\" height=\"350\" width=\"350\" alt=\"\" class=\"slider-358 slide-364\" title=\"bolso mano rosa capote\" \/><\/li>\n                <li style=\"display: none; width: 100%;\" class=\"slide-365 ms-image\"><img src=\"https:\/\/www.isabelpanadero.es\/wp-content\/uploads\/2021\/01\/gemelos-rosa-capote-350x350.jpg\" height=\"350\" width=\"350\" alt=\"\" class=\"slider-358 slide-365\" title=\"gemelos rosa capote\" \/><\/li>\n                <li style=\"display: none; width: 100%;\" class=\"slide-366 ms-image\"><img src=\"https:\/\/www.isabelpanadero.es\/wp-content\/uploads\/2021\/01\/bolso-rosa-capote-350x350.jpg\" height=\"350\" width=\"350\" alt=\"\" class=\"slider-358 slide-366\" title=\"bolso rosa capote\" \/><\/li>\n                <li style=\"display: none; width: 100%;\" class=\"slide-367 ms-image\"><img src=\"https:\/\/www.isabelpanadero.es\/wp-content\/uploads\/2021\/01\/capote-rosa-capote-350x350.jpg\" height=\"350\" width=\"350\" alt=\"\" class=\"slider-358 slide-367\" title=\"capote rosa capote\" \/><\/li>\n                <li style=\"display: none; width: 100%;\" class=\"slide-368 ms-image\"><img src=\"https:\/\/www.isabelpanadero.es\/wp-content\/uploads\/2021\/01\/polo-rosa-capote-350x350.jpg\" height=\"350\" width=\"350\" alt=\"\" class=\"slider-358 slide-368\" title=\"polo rosa capote\" \/><\/li>\n            <\/ul>\n        <\/div>\n        \n    <\/div>\n<\/div>\n<\/div>\n\n\n\n<div class=\"wp-block-column is-vertically-aligned-top\">\n<p>\u00a1Bienvenido a la tienda online de <strong>ISABEL PANADERO<\/strong>!<\/p>\n\n\n\n<p style=\"font-size:18px\"><strong>\u00a1 Aqu\u00ed podr\u00e1s comprar las 24h. del d\u00eda los 365 dias del a\u00f1o! <\/strong> Tenemos una cuidada selecci\u00f3n exclusiva de las mejores marcas de moda ecuestre.<\/p>\n\n\n\n<p>Realizamos pedidos a toda Espa\u00f1a.<\/p>\n\n\n\n<p>Tambi\u00e9n podr\u00e1s reservar ese conjunto que llevabas tiempo buscando en el color y la tallas que quieras. Estamos para ayudarte \u00a1<\/p>\n\n\n\n<p>Si buscas algo en concreto, no dudes en consultarnos.<\/p>\n\n\n\n<p class=\"has-text-color\" style=\"color:#06a46a;font-size:18px\"><strong>WhatsApp 633 08 60 56 <\/strong><\/p>\n\n\n\n<p class=\"has-vivid-red-color has-white-background-color has-text-color has-background\"><strong>Ahora tambi\u00e9n puedes pagar tus compras a trav\u00e9s de BIZUM en este mismo n\u00famero \u00a1<\/strong><\/p>\n\n\n\n<p>Tienda f\u00edsica c\/Lechuga s\/n Fuenlabrada Madrid.<\/p>\n<\/div>\n<\/div>\n","protected":false},"excerpt":{"rendered":"<p>MODA ECUESTRE Esta Tienda guarda dentro Cultura y Tradici\u00f3n mezclado con el buen gusto cl\u00e1sico en art\u00edculos textiles y de piel as\u00ed como Equipamientos de Equitaci\u00f3n. \u00a1Bienvenido a la tienda online de ISABEL PANADERO! \u00a1 Aqu\u00ed podr\u00e1s comprar las 24h. del d\u00eda los 365 dias del a\u00f1o! Tenemos una cuidada selecci\u00f3n exclusiva de las mejores [&hellip;]<\/p>\n","protected":false},"author":1,"featured_media":0,"parent":0,"menu_order":0,"comment_status":"closed","ping_status":"closed","template":"template-fullwidth.php","meta":{"_coblocks_attr":"","_coblocks_dimensions":"","_coblocks_responsive_height":"","_coblocks_accordion_ie_support":""},"_links":{"self":[{"href":"https:\/\/www.isabelpanadero.es\/index.php\/wp-json\/wp\/v2\/pages\/40"}],"collection":[{"href":"https:\/\/www.isabelpanadero.es\/index.php\/wp-json\/wp\/v2\/pages"}],"about":[{"href":"https:\/\/www.isabelpanadero.es\/index.php\/wp-json\/wp\/v2\/types\/page"}],"author":[{"embeddable":true,"href":"https:\/\/www.isabelpanadero.es\/index.php\/wp-json\/wp\/v2\/users\/1"}],"replies":[{"embeddable":true,"href":"https:\/\/www.isabelpanadero.es\/index.php\/wp-json\/wp\/v2\/comments?post=40"}],"version-history":[{"count":13,"href":"https:\/\/www.isabelpanadero.es\/index.php\/wp-json\/wp\/v2\/pages\/40\/revisions"}],"predecessor-version":[{"id":1430,"href":"https:\/\/www.isabelpanadero.es\/index.php\/wp-json\/wp\/v2\/pages\/40\/revisions\/1430"}],"wp:attachment":[{"href":"https:\/\/www.isabelpanadero.es\/index.php\/wp-json\/wp\/v2\/media?parent=40"}],"curies":[{"name":"wp","href":"https:\/\/api.w.org\/{rel}","templated":true}]}}